118 is divided by 60?
58
What is the remainder when 47639 is divided by 20?
19
Calculate the remainder when 400 is divided by 13.
10
Calculate the remainder when 1002 is divided by 20.
2
What is the remainder when 282 is divided by 117?
48
What is the remainder when 416 is divided by 53?
45
What is the remainder when 1246 is divided by 20?
6
What is the remainder when 76 is divided by 17?
8
What is the remainder when 186 is divided by 48?
42
What is the remainder when 1412 is divided by 50?
12
Calculate the remainder when 87 is divided by 10.
7
What is the remainder when 295 is divided by 223?
72
Calculate the remainder when 443 is divided by 32.
27
Calculate the remainder when 2742 is divided by 2737.
5
What is the remainder when 929 is divided by 164?
109
What is the remainder when 112 is divided by 30?
22
Calculate the remainder when 660 is divided by 83.
79
Calculate the remainder when 577 is divided by 190.
7
Calculate the remainder when 298 is divided by 43.
40
What is the remainder when 658 is divided by 44?
42
Calculate the remainder when 109 is divided by 23.
17
Calculate the remainder when 454 is divided by 12.
10
Calculate the remainder when 156 is divided by 81.
75
Calculate the remainder when 54 is divided by 43.
11
What is the remainder when 173 is divided by 63?
47
Calculate the remainder when 1148 is divided by 269.
72
Calculate the remainder when 34257 is divided by 10.
7
What is the remainder when 478 is divided by 13?
10
Calculate the remainder when 1550 is divided by 772.
6
Calculate the remainder when 2195 is divided by 7.
4
Calculate the remainder when 247 is divided by 73.
28
Calculate the remainder when 556 is divided by 60.
16
Calculate the remainder when 893 is divided by 56.
53
Calculate the remainder when 1071 is divided by 302.
165
Calculate the remainder when 4486 is divided by 44.
42
What is the remainder when 372 is divided by 18?
12
What is the remainder when 2307 is divided by 383?
9
Calculate the remainder when 68 is divided by 26.
16
Calculate the remainder when 199 is divided by 12.
7
What is the remainder when 47 is divided by 10?
7
Calculate the remainder when 643 is divided by 555.
88
Calculate the remainder when 415 is divided by 52.
51
What is the remainder when 461 is divided by 18?
11
What is the remainder when 1776 is divided by 20?
16
Calculate the remainder when 88 is divided by 7.
4
What is the remainder when 442 is divided by 39?
13
Calculate the remainder when 1739 is divided by 444.
407
What is the remainder when 579 is divided by 6?
3
Calculate the remainder when 2792 is divided by 3.
2
What is the remainder when 157 is divided by 15?
7
Calculate the remainder when 177 is divided by 47.
36
Calculate the remainder when 617 is divided by 30.
17
What is the remainder when 1253 is divided by 417?
2
What is the remainder when 411 is divided by 128?
27
What is the remainder when 28 is divided by 12?
4
Calculate the remainder when 41 is divided by 33.
8
What is the remainder when 56 is divided by 14?
0
Calculate the remainder when 273 is divided by 23.
20
Calculate the remainder when 351 is divided by 114.
9
Calculate the remainder when 14414 is divided by 30.
14
What is the remainder when 6721 is divided by 2?
1
Calculate the remainder when 4275 is divided by 1417.
24
Calculate the remainder when 26478 is divided by 39.
36
What is the remainder when 1585 is divided by 122?
121
Calculate the remainder when 209 is divided by 14.
13
Calculate the remainder when 118 is divided by 17.
16
What is the remainder when 63 is divided by 17?
12
What is the remainder when 27 is divided by 15?
12
Calculate the remainder when 335 is divided by 21.
20
What is the remainder when 182 is divided by 17?
12
What is the remainder when 14 is divided by 7?
0
Calculate the remainder when 1306 is divided by 12.
10
What is the remainder when 19331 is divided by 12?
11
What is the remainder when 1388 is divided by 17?
11
Calculate the remainder when 189 is divided by 89.
11
Calculate the remainder when 452 is divided by 57.
53
What is the remainder when 1339 is divided by 21?
16
What is the remainder when 547 is divided by 205?
137
Calculate the remainder when 335 is divided by 152.
31
Calculate the remainder when 2598 is divided by 10.
8
What is the remainder when 116 is divided by 60?
56
What is the remainder when 1585 is divided by 26?
25
Calculate the remainder when 13097 is divided by 59.
58
Calculate the remainder when 392 is divided by 195.
2
Calculate the remainder when 208 is divided by 45.
28
What is the remainder when 101 is divided by 7?
3
Calculate the remainder when 89 is divided by 26.
11
What is the remainder when 371 is divided by 21?
14
Calculate the remainder when 38 is divided by 21.
17
Calculate the remainder when 251 is divided by 77.
20
What is the remainder when 136 is divided by 37?
25
Calculate the remainder when 1462 is divided by 61.
59
What is the remainder when 79 is divided by 61?
18
What is the remainder when 111 is divided by 27?
3
What is the remainder when 128 is divided by 53?
22
Calculate the remainder when 60 is divided by 31.
29
What is the remainder when 382 is divided by 131?
120
Calculate the remainder when 3344 is divided by 102.
80
Calculate the remainder when 561 is divided by 5.
1
Calculate the remainder when 70 is divided by 58.
12
What is the remainder when 386 is divided by 199?
187
What is the remainder when 3718 is divided by 15?
13
What is the remainder when 879 is divided by 88?
87
Calculate the remainder when 503 is divided by 36.
35
Calculate the remainder when 416 is divided by 134.
14
What is the remainder when 4146 is divided by 34?
32
What is the remainder when 70 is divided by 62?
8
Calculate the remainder when 323 is divided by 13.
11
Calculate the remainder when 150 is divided by 24.
6
What is the remainder when 6227 is divided by 89?
86
Calculate the remainder when 59 is divided by 8.
3
Calculate the remainder when 820 is divided by 32.
20
Calculate the remainder when 297 is divided by 178.
119
What is the remainder when 275 is divided by 34?
3
Calculate the remainder when 680 is divided by 110.
20
Calculate the remainder when 37 is divided by 15.
7
Calculate the remainder when 1026 is divided by 344.
338
Calculate the remainder when 234 is divided by 40.
34
What is the remainder when 23139 is divided by 52?
51
Calculate the remainder when 64 is divided by 41.
23
Calculate the remainder when 1853 is divided by 5.
3
What is the remainder when 178 is divided by 43?
6
What is the remainder when 244 is divided by 41?
39
What is the remainder when 10 is divided by 1?
0
Calculate the remainder when 82 is divided by 29.
24
What is the remainder when 1243 is divided by 29?
25
Calculate the remainder when 96 is divided by 12.
0
Calculate the remainder when 194 is divided by 46.
10
Calculate the remainder when 52 is divided by 10.
2
What is the remainder when 523 is divided by 88?
83
What is the remainder when 211 is divided by 200?
11
Calculate the remainder when 481 is divided by 97.
93
Calculate the remainder when 163 is divided by 47.
22
Calculate the remainder when 242 is divided by 82.
78
What is the remainder when 265 is divided by 38?
37
Calculate the remainder when 3395 is divided by 170.
165
What is the remainder when 5287 is divided by 43?
41
Calculate the remainder when 618 is divided by 105.
93
What is the remainder when 4110 is divided by 22?
18
What is the remainder when 71 is divided by 11?
5
What is the remainder when 324 is divided by 92?
48
Calculate the remainder when 85 is divided by 76.
9
Calculate the remainder when 1237 is divided by 262.
189
Calculate the remainder when 109 is divided by 20.
9
Calculate the remainder when 708 is divided by 22.
4
Calculate the remainder when 230 is divided by 77.
76
What is the remainder when 93 is divided by 35?
23
Calculate the remainder when 380 is divided by 66.
50
What is the remainder when 734 is divided by 123?
119
Calculate the remainder when 2558 is divided by 32.
30
Calculate the remainder when 292 is divided by 33.
28
Calculate the remainder when 1662 is divided by 13.
11
What is the remainder when 2408 is divided by 481?
3
Calculate the remainder when 171 is divided by 114.
57
Calculate the remainder